= -29 - b. What are the prime factors of r?
13
Let g be 1 + -2 + 0 + -1. Let c be (-362)/5 - 4/(-10). List the prime factors of (c/(-28))/(g/(-14)).
2, 3
Let o(k) be the second derivative of -2*k - 3/2*k**2 + 0 + 3/2*k**3 - 1/12*k**4. List the prime factors of o(8).
5
Suppose 0 = -3*k - k - 92. Let i be (-13)/2*6/(-1). Let q = i + k. List the prime factors of q.
2
What are the prime factors of (-2 - -3) + (43 - 6)?
2, 19
Let m = 13 - 4. Let x(t) = -t**2 + 11*t - 4. List the prime factors of x(m).
2, 7
Suppose -4*o = 5*m - 170, -2*m + 36 + 39 = 3*o. Suppose -4*n = p - 24, -n = n + 5*p - m. Suppose n*d - 3*l = 40, 2*l = d + 4*l - 8. List the prime factors of d.
2
Let t(j) = j**3 - 4*j**2 + 5*j + 2. Let n be t(4). Suppose 2*b - 4 = o, 0 = -2*b - 4*o + 2 + n. What are the prime factors of b?
2
Let g(u) be the third derivative of -1/6*u**3 + 0 + 0*u - 1/12*u**4 - 2*u**2. List the prime factors of g(-3).
5
Suppose 2*h = 6*h + 12. Let x = h - -6. Let w = 8 - x. What are the prime factors of w?
5
Suppose 0 = 3*v + 2*v - s - 25, 0 = -4*v - 4*s + 20. What are the prime factors of v?
5
What are the prime factors of (-3)/(1 - 96/87)?
29
Let g be 12/(-28) + (-190)/14. Let v = 22 + g. What are the prime factors of v?
2
Suppose 0 = -2*g + g + 21. List the prime factors of g.
3, 7
Suppose -k - 238 + 371 = 0. What are the prime factors of k?
7, 19
Suppose 5*l - 108 = 3*l. What are the prime factors of l?
2, 3
Let l(t) = 2*t**2 - 4*t + 4. Let c be -3 + 10 - (-2)/(-1). Suppose 3*n = -3*u + 10 - 1, -2*u = -c*n + 15. List the prime factors of l(n).
2, 5
Let t(x) = -x**3 + 8*x**2 + x. What are the prime factors of t(8)?
2
Let m(u) = -u**2 + 12*u - 1. List the prime factors of m(8).
31
Let h(b) = 21*b**2 - 2*b - 7. Let w(c) = -21*c**2 + 2*c + 8. Let k(t) = 6*h(t) + 5*w(t). What are the prime factors of k(-1)?
3, 7
Let x be (-2 - 0 - -3) + 1. Let p(g) = 5*g**2 - g + 1. List the prime factors of p(x).
19
What are the prime factors of (50/8)/((-1)/(-4))?
5
Let f(q) = q**3 - 53*q**2 - 4*q**3 + 52*q**2. Let i be (3 + -1)*1/(-2). What are the prime factors of f(i)?
2
Let p(x) = 2*x**2 + 6*x + 8. What are the prime factors of p(8)?
2, 23
Let y be (-1434)/18 - (-2)/(-6). Let u = 140 + y. Suppose -2*m + u = 3*m + 5*x, 5*m - 52 = -x. What are the prime factors of m?
2, 5
Let o(z) = -68*z - 5. Let d be o(-2). Let i = d + -81. What are the prime factors of i?
2, 5
Suppose 4*p - 259 = 441. Suppose -2*u - p = -7*u. What are the prime factors of u?
5, 7
Suppose i = -5*l - i, -5*l + i = -15. List the prime factors of l - 3 - 21/(-3).
2, 3
Let q be 15/(-2)*6/(-9). Suppose 0 = -q*f + f + 108. What are the prime factors of f?
3
Let x be -14*16/((-4)/1). Suppose 11*n + x = 15*n. List the prime factors of n.
2, 7
Let c(x) = x**3 + 9*x**2 + 11*x. List the prime factors of c(-5).
3, 5
Suppose 266 + 52 = 3*l. What are the prime factors of l?
2, 53
Suppose 2*z + 24 = 5*z. Let k be 8/2 - z/(-4). Let r = k + -1. List the prime factors of r.
5
Let w(i) = i**2 + 2*i + 2. Let n be 18/24 - 15/4. Let f be w(n). Suppose m - f = -3. List the prime factors of m.
2
Suppose -4*c + 4 = -92. What are the prime factors of c?
2, 3
Suppose -74 = -2*v - 2*s, 3*v + 4*s + 67 = 175. List the prime factors of v.
2, 5
Let a be (-173 + -1)*(-2)/3. Let h = -61 + a. Suppose 2*w + h = 7*w. What are the prime factors of w?
11
Suppose -1254 - 26 = -8*b. What are the prime factors of b?
2, 5
Suppose -105 = -5*s - m, 0 = 6*s - 8*s - 2*m + 50. List the prime factors of s.
2, 5
Let i be (6/5)/((-2)/10). Let u(z) = -z**2 - 7*z + 7. What are the prime factors of u(i)?
13
Let j = 22 - 17. List the prime factors of j.
5
Let t(a) = -a + 2. Suppose 0 = 3*v - 4*w - 8, 3 + 1 = -5*v - 2*w. Let s be t(v). Let z = s + 2. What are the prime factors of z?
2
Suppose r = -3*r + 148. List the prime factors of r.
37
Suppose 3*l - 2*a = 2*l + 5, 3 = 2*l + 3*a. Suppose -5 = 4*t - 5*z + 2, 0 = z - l. Suppose 6 = -t*s, -5*s - 5 = -4*u + 6*u. What are the prime factors of u?
5
Let k be 24/(3 - 6/4). Suppose 4 - k = -2*w. List the prime factors of w.
2, 3
Suppose 4*w = 34 + 2. Let m(g) = 5*g - 4. Let y be m(3). Suppose q = -4, -3*q - y = -t + w. What are the prime factors of t?
2
Suppose 5*g - 100 = -5*k, 2*k - 5*g - 28 = -k. What are the prime factors of 436/14 + k/(-112)?
31
Suppose -5*a - 18 = -4*s, 15 = -2*a + 5*s + 1. What are the prime factors of (a/(-5))/((-2)/(-20))?
2
Suppose -k + 5*k + 3*c = 112, -2*c = 3*k - 85. List the prime factors of -3 + (k - (0 - 0)).
2, 7
Let m(y) = -y**3 + y**2 - 2*y - 5. List the prime factors of m(-2).
11
Suppose 0 = -2*k + 28 + 2. What are the prime factors of k?
3, 5
List the prime factors of -6 + 8/2 - -39.
37
Suppose 5*s - 5 = 5. Suppose 0 = -a + 4*g + 1, s*a - g = 5*a - 42. What are the prime factors of a?
13
Let q(j) = -4*j + 3. What are the prime factors of q(-5)?
23
Suppose -2*f + 1 = -3*f. Suppose 5*q - 4 = 16. What are the prime factors of -6 + q - 21*f?
19
Let h(t) be the third derivative of t**6/120 + 2*t**5/15 - 11*t**4/24 - 13*t**3/6 + t**2. Let b be h(-9). Suppose b*n - 42 = -17. List the prime factors of n.
5
Suppose 0 = -2*l - 3 - 1. Let w be l/3 - (-14)/3. Let z(b) = b**3 - 5*b**2 + 5*b + 1. What are the prime factors of z(w)?
5
Let t(q) = 3*q**2 - 3*q - 9. List the prime factors of t(-5).
3
Suppose -10*u - 21 = -7*u. Let n(v) = -v + 2. Let m be n(4). List the prime factors of (-279)/(-21) - m/u.
13
List the prime factors of ((-36)/21)/((-1)/21).
2, 3
Let b be 2624/88 - 2/(-11). Suppose 2*k - b = 3*k. Let w = -15 - k. What are the prime factors of w?
3, 5
Let a = 8 - 3. Let r(o) = o**3 - 6*o**2 + 3*o + 1. Let z be r(a). Let h = z - -15. List the prime factors of h.
2, 3
Suppose -2*l - 33 = l. List the prime factors of (3 + l)/(6/(-3)).
2
Suppose s = 5*z - 37, -z - 3*s = -4*z + 15. List the prime factors of (-3)/(1/z*-2).
2, 3
Let t(y) = -y + 1 + y**2 + 7 - 1 - 1. Let c(w) = w + 3. Let j be c(-3). What are the prime factors of t(j)?
2, 3
Let n(m) = 3*m - 2. Let d be n(-7). Let z = d - -40. Suppose -4*w + 7 + z = 0. What are the prime factors of w?
2, 3
Let q be (5/(-3))/((-3)/144). Suppose q - 5 = 5*d. List the prime factors of d.
3, 5
Let h be (-5)/10 + (-2)/(-4). Suppose h*b + 20 = 2*b. What are the prime factors of b?
2, 5
Let a(d) = 4*d**2 + 10*d - 2. Let c(j) = j**3 - 4*j**2 - 6*j. Let g be c(5). What are the prime factors of a(g)?
2, 3
Suppose d + 3*d = -24. Let p be (-2)/d + (-20)/6. What are the prime factors of (2/p)/(4/(-102))?
17
Let c(y) = 7*y**2 - y + 1. Let i be c(1). Suppose -3*h = -i*h + 112. List the prime factors of h.
2, 7
List the prime factors of 0 + 3 + 25/5.
2
Suppose -5*h + 493 = -z, 5*z = 4*h - 0*h - 386. What are the prime factors of h?
3, 11
List the prime factors of 2*3/(-36) - 1064/(-48).
2, 11
Let a(p) = -p**3 - 11*p**2 + 9*p - 10. What are the prime factors of a(-12)?
2, 13
Suppose -5*d + 5*s = 70, -d - 20 = 4*d + 5*s. Let l(r) = -r**3 - 9*r**2 - 6. Let i be l(d). Let x = i + 12. What are the prime factors of x?
2, 3
Let m(n) be the first derivative of -n**3/3 + 4*n**2 + 4*n - 1. Let y be m(8). Let q = y + -1. What are the prime factors of q?
3
Suppose -4*k + 5*o + 11 = 0, -3*k - o = -3*o - 10. Suppose -4*n - q + 40 = 0, -30 = -3*n - q + k*q. What are the prime factors of n?
2, 5
List the prime factors of (0 - -107) + -19 + 19.
107
Let x(k) = 3*k**2 - 18*k + 5. List the prime factors of x(9).
2, 43
Let n(k) = k**3 - 8*k**2 + k + 6. What are the prime factors of n(8)?
2, 7
Suppose -6 = 2*z - 14. Suppose -3*r + 1 = z. List the prime factors of 1 - (-12 + (r - -3)).
11
Let t(h) = -47*h + 1. What are the prime factors of t(-1)?
2, 3
Let a(c) = c**3 - 9*c**2 + c - 6. Let u be a(9). What are the prime factors of ((-22)/2 + u)*-1?
2
Let l be (-40)/(-5) + 3 + -1. Let w be (-195)/(-20) - 2/(-8). List the prime factors of l/(-25) - (-94)/w.
3
Suppose -3*l - 25 + 121 = 3*b, b - 32 = -3*l. List the prime factors of b.
2
Let u = 71 + -37. List the prime factors of u.
2, 17
Suppose 0 = 5*m - 10, n + 5*m - 7 = 4*n. Let o(d) = 22*d**2 - 1. List the prime factors of o(n).
3, 7
Let y(h) = -h**3 - 2*h + 0*h**3 + 5*h**2 + 2 - 1. What are the prime factors of y(3)?
13
What are the prime factors of 9/(1/((-32)/(-12)))?
2, 3
Let n be ((-10)/3)/(12/(-36)). Suppose 0 = -4*j - 5*p 